 -4cb (base 15) in base 2?
-10001000011
Convert 56165 (base 7) to base 15.
42de
What is -318 (base 9) in base 8?
-404
Convert 1a2 (base 16) to base 2.
110100010
What is 323321 (base 4) in base 9?
5228
Convert 71c5 (base 14) to base 16.
4c79
Convert 1000102002 (base 3) to base 11.
14016
Convert -10042 (base 11) to base 4.
-3211133
-14336 (base 9) to base 15
-2d53
a358 (base 16) to base 6
521332
What is -2700 (base 10) in base 5?
-41300
5871 (base 15) to base 7
105520
Convert 2010112 (base 3) to base 6.
11105
145545 (base 6) to base 3
201112202
Convert -230 (base 12) to base 6.
-1300
435 (base 12) to base 9
755
-1100100101110 (base 2) to base 7
-24536
Convert -214 (base 8) to base 11.
-118
-4112 (base 5) to base 13
-31c
What is -111011011 (base 2) in base 9?
-577
Convert -111210 (base 3) to base 9.
-453
-2294 (base 14) to base 16
-177a
Convert -b4a9 (base 16) to base 2.
-1011010010101001
-809 (base 16) to base 9
-2735
-2c7 (base 13) to base 8
-765
What is -455 (base 13) in base 8?
-1352
What is -55305 (base 8) in base 4?
-11223011
What is 2136 (base 7) in base 10?
762
-596 (base 14) to base 16
-458
What is 6710 (base 13) in base 10?
14378
-24847 (base 10) to base 8
-60417
Convert 6674 (base 8) to base 2.
110110111100
8518 (base 11) to base 2
10110000001000
Convert -231021 (base 4) to base 2.
-101101001001
What is 1340 (base 15) in base 8?
10016
What is 11011011010 (base 2) in base 16?
6da
Convert 3763 (base 11) to base 3.
20201211
Convert 25 (base 11) to base 13.
21
-37202 (base 8) to base 2
-11111010000010
What is -479 (base 14) in base 4?
-31323
Convert -69790 (base 10) to base 7.
-410320
1902 (base 11) to base 4
211312
1920 (base 12) to base 2
101111101000
What is -1302 (base 5) in base 12?
-14a
What is 1242522 (base 6) in base 15?
15248
-1111100101 (base 2) to base 8
-1745
452 (base 7) to base 15
108
What is 1033 (base 6) in base 12?
179
111111 (base 3) to base 7
1030
Convert -321113 (base 4) to base 16.
-e57
What is 10000001011000 (base 2) in base 10?
8280
What is 1110011001 (base 2) in base 15?
416
Convert 241221 (base 8) to base 13.
2b781
10da (base 14) to base 4
231320
What is 1001011110 (base 2) in base 10?
606
83c5 (base 14) to base 12
11189
What is -87d8 (base 14) in base 3?
-1012020220
Convert -251241 (base 6) to base 16.
-5749
What is -233223 (base 4) in base 13?
-1509
-354 (base 10) to base 6
-1350
-867 (base 12) to base 7
-3406
-11011000 (base 2) to base 5
-1331
What is 10001111111 (base 2) in base 12?
7bb
Convert 35542 (base 9) to base 8.
56333
What is -1213 (base 15) in base 6?
-25443
-200212122 (base 3) to base 6
-143412
Convert -112213 (base 4) to base 9.
-1877
Convert 23323 (base 8) to base 9.
14563
-29115 (base 10) to base 3
-1110221100
Convert -35150 (base 8) to base 11.
-10263
Convert 12233 (base 4) to base 2.
110101111
What is -5081 (base 16) in base 10?
-20609
-5257 (base 9) to base 5
-110414
Convert -1000110010001 (base 2) to base 4.
-1012101
Convert -13543 (base 7) to base 4.
-321322
Convert 184 (base 11) to base 13.
135
What is -1287a (base 11) in base 5?
-1041413
1021232 (base 6) to base 12
24818
What is -324 (base 6) in base 9?
-147
Convert -2121212 (base 3) to base 2.
-11101111001
Convert 2e7 (base 15) to base 4.
22123
Convert -42413 (base 6) to base 11.
-4375
Convert 111000 (base 4) to base 13.
7c5
36c (base 13) to base 16
255
111010001011 (base 2) to base 4
322023
1200 (base 3) to base 13
36
What is -112 (base 5) in base 10?
-32
-5c8 (base 15) to base 6
-10025
What is 40332 (base 5) in base 9?
3500
Convert -1030120 (base 4) to base 10.
-4888
What is 3021103 (base 4) in base 6?
135351
What is 34242 (base 12) in base 6?
1253322
Convert -101011110101100 (base 2) to base 15.
-69b4
Convert 1002011 (base 3) to base 9.
1064
What is -5878 (base 11) in base 3?
-101120111
Convert -10374 (base 8) to base 4.
-1003330
Convert 1a02 (base 13) to base 8.
7461
What is 9112 (base 10) in base 16?
2398
-ac6 (base 13) to base 4
-130330
-1031 (base 9) to base 12
-531
What is -b80 (base 12) in base 4?
-122100
What is 15653 (base 8) in base 6?
52443
What is -45 (base 7) in base 4?
-201
Convert 12411 (base 8) to base 13.
25b3
-20a (base 11) to base 12
-190
Convert -110111010 (base 2) to base 8.
-672
Convert 1040 (base 14) to base 3.
10211201
-24055 (base 6) to base 14
-13b5
What is 4222 (base 5) in base 6?
2334
Convert 2ca7 (base 13) to base 6.
50211
10836 (base 9) to base 15
222c
Convert -3030 (base 5) to base 6.
-1450
What is 102111 (base 3) in base 11?
262
Convert -17ca (base 13) to base 12.
-2076
What is -5324 (base 7) in base 3?
-2120122
23233110 (base 4) to base 9
72856
Convert 12 (base 10) to base 6.
20
Convert -111 (base 13) to base 10.
-183
Convert -111002 (base 3) to base 11.
-2a1
1100001000111101 (base 2) to base 10
49725
Convert -303321 (base 4) to base 14.
-12d3
Convert -1010011110100110 (base 2) to base 16.
-a7a6
341123 (base 5) to base 10
12038
Convert 1115 (base 11) to base 7.
4165
-225b (base 12) to base 3
-12020022
Convert -14bd (base 16) to base 2.
-1010010111101
What is -2345 (base 7) in base 13?
-518
Convert 7317 (base 8) to base 3.
12012102
-500 (base 8) to base 15
-165
Convert 222012220 (base 3) to base 8.
45251
32486 (base 9) to base 2
101010000100111
Convert -237 (base 8) to base 2.
-10011111
-358 (base 10) to base 11
-2a6
-2b66 (base 15) to base 3
-110210020
-2033432 (base 5) to base 15
-9e62
632 (base 13) to base 9
1402
2306 (base 9) to base 10
1707
-9d6 (base 15) to base 14
-b50
Convert 22274 (base 10) to base 16.
5702
-3fc (base 16) to base 6
-4420
351 (base 15) to base 4
23233
What is -4263 (base 10) in base 6?
-31423
130314 (base 6) to base 4
2320012
What is 20022 (base 3) in base 5?
1140
Convert 1511 (base 10) to base 8.
2747
Convert -86a1 (base 11) to base 12.
-6791
121110 (base 3) to base 10
444
What is 576 (base 14) in base 8?
2074
172 (base 9) to base 11
123
Convert -1495 (base 11) to base 4.
-131333
What is -845 (base 13) in base 16?
-581
Convert -432 (base 13) to base 6.
-3153
What is -11001110101011 (base 2) in base 10?
-13227
What is 403a (base 15) in base 6?
142431
What is 11130 (base 5) in base 8?
1426
1055354 (base 6) to base 10
54358
627 (base 9) to base 8
777
11100 (base 2) to base 12
24
Convert 11511 (base 9) to base 7.
31315
19aa (base 11) to base 16
9ec
Convert -50739 (base 10) to base 15.
-10079
Convert 644 (base 14) to base 10.
1236
Convert 10120 (base 7) to base 12.
1514
-55f4 (base 16) to base 5
-1201004
-150 (base 9) to base 11
-105
What is -2586 (base 9) in base 6?
-12553
3873 (base 13) to base 11
6047
What is -114356 (base 8) in base 11?
-27461
Convert 253430 (base 7) to base 11.
32235
Convert 18c (base 14) to base 15.
165
What is 1002000 (base 3) in base 4?
30033
What is -1908 (base 13) in base 12?
-21a6
Convert 36b (base 13) to base 9.
732
What is -303112 (base 4) in base 14?
-12aa
Convert -416001 (base 7) to base 16.
-11808
-12124 (base 7) to base 3
-11022211
What is 493 (base 15) in base 3?
1102110
What is -3ab (base 16) in base 2?
-1110101011
1086 (base 9) to base 6
3423
Convert 21c9 (base 16) to base 8.
20711
Convert -2602 (base 11) to base 12.
-1b66
What is -86c8 (base 13) in base 16?
-4942
Convert -5266 (base 8) to base 10.
-2742
What is 1d1 (base 15) in base 11?
353
What is -1103003 (base 4) in base 13?
-255b
Convert -2450 (base 9) to base 11.
-1411
-5888 (base 10) to base 5
-142023
What is -12041 (base 11) in base 8?
-41704
Convert 1101101100011 (base 2) to base 16.
1b63
Convert -12b (base 16) to base 15.
-14e
-14245 (base 11) to base 3
-1000210020
What is -2444 (base 6) in base 10?
-604
Convert 212 (base 5) to base 13.
45
Convert 25537 (base 9) to base 2.
100001100110110
-55625 (base 8) to base 10
-23445
108 (base 12) to base 7
305
-7 (base 12) to base 15
-7
Convert 3a2b (base 13) to base 10.
8318
Convert 15049 (base 10) to base 12.
8861
Convert -9912 (base 12) to base 4.
-10013132
146211 (base 8) to base 15
107ab
Convert 144 (base 16) to base 15.
169
What is -26735 (base 9) in base 12?
-a57b
-6511 (base 9) to base 5
-123124
What is 1000111011 (base 2) in base 11?
47a
Convert 10112222 (base 3) to base 11.
1a46
111341 (base 6) to base 12
5551
Convert 3881 (base 9) to base 11.
2204
1104b (base 13) to base 5
1441241
What is 30790 (base 10) in base 8?
74106
11d5b (base 14